factors of 267216.
2, 3, 19, 293
List the prime factors of 341721.
3, 43, 883
What are the prime factors of 209887?
209887
List the prime factors of 37230499.
2713, 13723
What are the prime factors of 28142154?
2, 3, 19, 41, 223
What are the prime factors of 17278574?
2, 107, 263, 307
List the prime factors of 3295150.
2, 5, 59, 1117
What are the prime factors of 1730031?
3, 576677
What are the prime factors of 7098277?
181, 39217
List the prime factors of 195323.
37, 5279
What are the prime factors of 268485?
3, 5, 7, 2557
What are the prime factors of 6866411?
6866411
What are the prime factors of 1189439?
17, 31, 37, 61
What are the prime factors of 4410016?
2, 13, 10601
List the prime factors of 552321.
3, 7, 11, 797
List the prime factors of 7818595.
5, 19, 82301
List the prime factors of 2464579.
13, 189583
List the prime factors of 18378018.
2, 3, 1021001
List the prime factors of 946655.
5, 59, 3209
List the prime factors of 274541.
293, 937
List the prime factors of 497993.
497993
What are the prime factors of 4980444?
2, 3, 7, 211, 281
List the prime factors of 2056210.
2, 5, 13, 15817
What are the prime factors of 251501?
251501
What are the prime factors of 635172?
2, 3, 41, 1291
What are the prime factors of 2259422?
2, 11, 102701
List the prime factors of 12263426.
2, 7, 17, 433
What are the prime factors of 17523920?
2, 5, 53, 4133
What are the prime factors of 3215159?
17, 189127
What are the prime factors of 1056608?
2, 7, 53, 89
What are the prime factors of 620579?
620579
What are the prime factors of 1443648?
2, 3, 73, 103
List the prime factors of 402323.
53, 7591
List the prime factors of 3037171.
101, 30071
What are the prime factors of 3234497?
7, 79, 5849
List the prime factors of 395631.
3, 14653
List the prime factors of 4030456.
2, 521, 967
List the prime factors of 421262.
2, 210631
List the prime factors of 3650723.
29, 125887
What are the prime factors of 178476?
2, 3, 107, 139
List the prime factors of 4021559.
19, 211661
What are the prime factors of 16792532?
2, 17, 43, 5743
What are the prime factors of 7671842?
2, 3835921
What are the prime factors of 1243333?
7, 13, 1051
What are the prime factors of 550277?
7, 13, 6047
List the prime factors of 1707925.
5, 53, 1289
What are the prime factors of 8810656?
2, 23, 11971
List the prime factors of 314317.
19, 71, 233
List the prime factors of 50905.
5, 10181
List the prime factors of 1200275.
5, 41, 1171
List the prime factors of 359674.
2, 7, 23, 1117
What are the prime factors of 2998652?
2, 67, 167
What are the prime factors of 9206231?
17, 541543
List the prime factors of 252036.
2, 3, 7001
List the prime factors of 3264565.
5, 652913
List the prime factors of 2557173.
3, 852391
List the prime factors of 218640.
2, 3, 5, 911
List the prime factors of 499716.
2, 3, 7, 661
What are the prime factors of 5334?
2, 3, 7, 127
What are the prime factors of 2159864?
2, 7, 38569
What are the prime factors of 14903257?
101, 147557
List the prime factors of 91464.
2, 3, 37, 103
List the prime factors of 9288023.
9288023
What are the prime factors of 4745816?
2, 593227
What are the prime factors of 1114711?
13, 19, 4513
List the prime factors of 6444244.
2, 71, 22691
List the prime factors of 1363359.
3, 454453
What are the prime factors of 8213492?
2, 7, 293339
List the prime factors of 15929039.
7, 643, 3539
List the prime factors of 5771381.
7, 11, 17, 4409
What are the prime factors of 376531?
376531
List the prime factors of 53070.
2, 3, 5, 29, 61
What are the prime factors of 801885?
3, 5, 7, 1091
List the prime factors of 231364.
2, 7, 8263
What are the prime factors of 1001107?
1001107
What are the prime factors of 15306545?
5, 17, 180077
List the prime factors of 390474.
2, 3, 7, 1033
What are the prime factors of 12905074?
2, 7, 13, 17, 43, 97
List the prime factors of 204763.
13, 19, 829
List the prime factors of 15023758.
2, 641, 11719
What are the prime factors of 10873042?
2, 37, 146933
List the prime factors of 331481.
211, 1571
List the prime factors of 5238307.
5238307
List the prime factors of 424298.
2, 7, 30307
List the prime factors of 819053.
23, 149, 239
What are the prime factors of 318411?
3, 3931
What are the prime factors of 448567?
7, 64081
What are the prime factors of 846141?
3, 17, 47, 353
List the prime factors of 3256991.
149, 21859
What are the prime factors of 5591760?
2, 3, 5, 23, 1013
List the prime factors of 13262287.
13262287
List the prime factors of 459448.
2, 11, 23, 227
List the prime factors of 523766.
2, 257, 1019
What are the prime factors of 1130015?
5, 193, 1171
List the prime factors of 1846.
2, 13, 71
What are the prime factors of 311036?
2, 11, 7069
List the prime factors of 6216418.
2, 13, 373, 641
What are the prime factors of 29995123?
17, 37, 43, 1109
What are the prime factors of 5067300?
2, 3, 5, 7, 19, 127
List the prime factors of 4890197.
13, 73, 5153
List the prime factors of 614868.
2, 3, 51239
List the prime factors of 228229.
23, 9923
List the prime factors of 982818.
2, 3, 54601
What are the prime factors of 889710?
2, 3, 5, 47, 631
List the prime factors of 3651020.
2, 5, 23, 7937
What are the prime factors of 149782?
2, 74891
What are the prime factors of 6900190?
2, 5, 11, 149, 421
List the prime factors of 2576728.
2, 7, 11, 47, 89
What are the prime factors of 1862666?
2, 13, 31, 2311
List the prime factors of 252062.
2, 126031
What are the prime factors of 11976456?
2, 3, 37, 13487
What are the prime factors of 343253?
343253
What are the prime factors of 439394?
2, 19, 31, 373
List the prime factors of 904501.
13, 41, 1697
What are the prime factors of 641719?
13, 49363
What are the prime factors of 21341655?
3, 5, 19, 109, 229
What are the prime factors of 5452819?
439, 12421
What are the prime factors of 3875103?
3, 47, 9161
What are the prime factors of 12894672?
2, 3, 7, 38377
List the prime factors of 16548094.
2, 8274047
What are the prime factors of 188400?
2, 3, 5, 157
What are the prime factors of 2359456?
2, 11, 6703
List the prime factors of 736288.
2, 7, 19, 173
List the prime factors of 873798.
2, 3, 145633
List the prime factors of 32267477.
11, 193, 15199
List the prime factors of 2125196.
2, 531299
What are the prime factors of 69533?
31, 2243
What are the prime factors of 10866273?
3, 11, 329281
What are the prime factors of 12270842?
2, 6135421
What are the prime factors of 9906?
2, 3, 13, 127
List the prime factors of 117246.
2, 3, 19541
List the prime factors of 1178583.
3, 7, 56123
What are the prime factors of 1888405?
5, 377681
What are the prime factors of 339251?
11, 30841
What are the prime factors of 29381?
11, 2671
List the prime factors of 51925.
5, 31, 67
List the prime factors of 670902.
2, 3, 31, 3607
List the prime factors of 562006.
2, 79, 3557
List the prime factors of 3861753.
3, 7, 307, 599
List the prime factors of 5803349.
5803349
What are the prime factors of 253643?
13, 109, 179
What are the prime factors of 19643?
13, 1511
What are the prime factors of 308436?
2, 3, 25703
List the prime factors of 2041602.
2, 3, 340267
List the prime factors of 1280791.
1280791
List the prime factors of 268054.
2, 101, 1327
What are the prime factors of 4519240?
2, 5, 11, 10271
What are the prime factors of 777777?
3, 7, 11, 13, 37
List the prime factors of 11603.
41, 283
What are the prime factors of 81269?
181, 449
What are the prime factors of 7274?
2, 3637
List the prime factors of 10572191.
7, 359, 601
List the prime factors of 824844.
2, 3, 68737
What are the prime factors of 1364372?
2, 31, 11003
What are the prime factors of 1707243?
3, 569081
What are the prime factors of 382522?
2, 7, 89, 307
List the prime factors of 2864191.
11, 23671
What are the prime factors of 809394?
2, 3, 277, 487
What are the prime factors of 2556515?
5, 13, 37, 1063
List the prime factors of 2062491.
3, 17, 37, 1093
What are the prime factors of 186977?
7, 26711
What are the prime factors of 6100356?
2, 3, 508363
List the prime factors of 1017409.
47, 21647
List the prime factors of 857140.
2, 5, 17, 2521
What are the prime factors of 215224?
2, 26903
List the prime factors of 1105212.
2, 3, 31, 2971
List the prime factors of 5682812.
2, 673, 2111
What are the prime factors of 843410